et r be ((-26)/z)/(6/120). Calculate the highest common factor of r and q.
13
Let a(d) = -d**2 - 5*d + 11. Let r be a(-6). What is the highest common divisor of r and 10?
5
Suppose -4*n = 464 + 4. Let c be 2*(0 + n/(-2)). What is the greatest common factor of c and 13?
13
Suppose 0 = 5*k + 12 - 67. Suppose 2 - 10 = -4*g. Suppose -g*i + k - 1 = 0. Calculate the highest common factor of i and 10.
5
Let d = 5 + 39. Calculate the greatest common divisor of d and 88.
44
Suppose -6*s = -28 - 152. Calculate the greatest common divisor of s and 10.
10
Let u(n) = n + 3. Let c be u(-8). Suppose 3*f = 4 + 2. Let l = f - c. Calculate the greatest common divisor of l and 77.
7
Let l be ((-14)/(-7))/((-1)/(-8)). Let v = 4 + l. Let m be 210/4*(-56)/(-21). What is the greatest common factor of m and v?
20
Suppose x + 2*x = 54. Calculate the highest common divisor of 126 and x.
18
Suppose 8 = 2*u, 0*p - 2 = -2*p + 5*u. Let k = 427 + -282. Suppose 86 = 3*v - k. Calculate the greatest common factor of v and p.
11
Let d(g) = 11*g + 1. Let y be d(9). Suppose 0*k + y = 4*k. Calculate the greatest common divisor of 225 and k.
25
Let h = -1 - -1. Suppose h = -0*f - f + 1. Let u be (2/(-4))/((-12)/24). Calculate the highest common divisor of u and f.
1
Suppose t + 3*c + 2 - 12 = 0, 5*c = -5*t + 50. Calculate the greatest common divisor of t and 80.
10
Let a = 2 - -2. Suppose -3*f + 3*s = -117, -a*f + 240 - 89 = s. Suppose -5*m + 7 = -f. Calculate the greatest common divisor of m and 1.
1
Let z be (-4)/3*(-3)/1. Suppose 0 = x - v - 10 - 3, z*x = -v + 32. What is the greatest common divisor of x and 63?
9
Suppose 0 = -15*b + 11*b + 12. Suppose 5*d - 4*k + 5 = -2*k, -b*d = 3*k - 18. What is the greatest common factor of 1 and d?
1
Suppose 3*g - 2*g - 192 = 0. What is the highest common factor of g and 24?
24
Suppose b - 4*q - 55 = -0*b, 3*b - q = 121. What is the greatest common divisor of b and 429?
39
Let v be ((-9)/(-6))/(6/64). What is the greatest common divisor of v and 32?
16
Let a(g) = g + 14. Let b(d) = -9*d**2 - 1. Let s be b(-1). Let z be a(s). Calculate the highest common divisor of 28 and z.
4
Suppose -10 = -4*s + 14. Calculate the highest common factor of s and 60.
6
Let h(k) = 6*k - 60. Let d be h(11). Let m(z) = 25*z - 2. Let n be m(2). Calculate the highest common divisor of d and n.
6
Let r = 32 + 3. What is the greatest common divisor of 7 and r?
7
Let f = -43 + 127. What is the greatest common factor of f and 12?
12
Let p = 68 + -54. Calculate the highest common divisor of p and 98.
14
Let y be (2/3)/((-2)/(-6)). Let m = y + 20. Let i = 4 + -2. Calculate the highest common divisor of i and m.
2
Suppose -48 = 2*a - 5*a. Calculate the greatest common factor of 64 and a.
16
Let z(d) = d**3 - 8*d**2 + 13*d. Let b be z(6). What is the greatest common divisor of 2 and b?
2
Let m be 2 - (-55 + 2 + 1). Calculate the greatest common factor of m and 18.
18
Let w(n) = -n**3 - 8*n**2 - 9*n - 10. Let x be w(-7). Calculate the highest common factor of 28 and x.
4
Let r(h) = 11*h + 7. Let n(a) = -3*a + 3. Let d be n(4). Let z be r(d). Let s = -53 - z. Calculate the greatest common factor of 13 and s.
13
Suppose -4*c - 1 = -5*c. Let n = 4 - c. Suppose 2*r + 5*s - 26 = 0, -r - r = -n*s - 26. Calculate the highest common divisor of 26 and r.
13
Let w = -44 + 98. What is the highest common factor of 6 and w?
6
Let c(d) = -d**3 + 7*d. Let f be c(-5). What is the greatest common divisor of f and 10?
10
Let h = -9 + 11. Suppose 0*s + 2*b = -3*s - 10, s + 2*b + 10 = 0. Suppose -h*a - 3*j + 2 = s, a + 2 = -2*j + 3. Calculate the highest common factor of 9 and a.
1
Let y = -8 - -13. Suppose -3*x = y*c - 52, 4*c + 53 = 5*x - 9. What is the highest common divisor of 112 and x?
14
Let n = -91 + 123. Calculate the highest common factor of 80 and n.
16
Let v(k) be the third derivative of k**4/6 - k**3/2 - 2*k**2. Let t be (-6)/(-5)*5/2. Let q be v(t). What is the highest common divisor of q and 99?
9
Suppose 5*c = -0*c + 1890. Let h be c/2 - (-2)/(-1). Let u be ((-51)/(-6))/(1/2). Calculate the greatest common factor of h and u.
17
Let g = 22 + -20. Calculate the greatest common factor of 2 and g.
2
Suppose 0 = -7*x + 4*x + 15. Let u(b) = b + 5. Let i be u(x). Calculate the highest common divisor of 40 and i.
10
Suppose 8 + 2 = 2*s. Calculate the greatest common divisor of 2 and s.
1
Let r(y) = -y**2 - 7*y - 6. Let d be r(-4). Let s = -3 + d. Suppose s*l = 2*l + 38. What is the highest common factor of 95 and l?
19
Let c(i) = -2*i**2 - 2 + 2*i**3 - 5*i**2 - i**3 + i. Let d be c(7). What is the greatest common divisor of 2 and d?
1
Suppose 1028 = 4*v + m + m, -6 = -3*m. What is the greatest common divisor of v and 32?
32
Let p be (-4 - 27/(-6))/(1/34). Suppose -118 = -3*t - 2*s + 345, -3*s + 312 = 2*t. Calculate the greatest common factor of p and t.
17
Suppose 0 = 4*w - 0*w - 2*r - 48, -r = 0. What is the greatest common divisor of 60 and w?
12
Let i = -9 + 9. Suppose i*b + 2*b = 14. Calculate the highest common factor of b and 42.
7
Suppose u = 5*r + 2 + 2, -2*r + 16 = 4*u. Let w be 6/((4/(-6))/(-2)). Let g be 1*(w + r + 3). Calculate the highest common divisor of 7 and g.
7
Suppose -5*f - 4 = 71. Let a be (-326)/(-10) - 6/f. Calculate the greatest common divisor of a and 3.
3
Suppose 4*i - 64 = 2*i. What is the greatest common divisor of i and 352?
32
Let n(b) = 2*b**2 - 2*b + 8. Let p be n(8). Suppose -2*c + p = 2*c. Let k = 31 - 19. Calculate the greatest common divisor of c and k.
6
Let z(t) = t**3 - 11*t**2 + 3*t - 12. Let y be z(12). What is the greatest common divisor of y and 42?
42
Suppose 4*z + 93 = -331. Let k = z + 253. Let y be -1*(-3 + 7) + 25. Calculate the greatest common factor of y and k.
21
Let h be -1 + 2/2 - 109. Let g = h + 269. Calculate the highest common factor of g and 20.
20
Suppose 39 = -5*b + 3*a, 4*a + 6 = -3*b - 0. Let w(o) = o**3 + 5*o**2 - 8*o - 2. Let z be w(b). What is the highest common factor of z and 70?
10
Suppose 2*h = -4, 3*g - 2*h = 10 + 18. Let x = g + -6. Calculate the highest common factor of 1 and x.
1
Let i = 18 + -9. Suppose i*l = 4*l + 45. What is the highest common divisor of 90 and l?
9
Suppose 2*p = 3*g + 12, g + 4*g = -5*p + 30. Calculate the highest common divisor of p and 30.
6
Suppose -2*n + 165 = -n. Calculate the highest common divisor of 15 and n.
15
Suppose 3*n - 4*l = -2*l + 16, l + 2 = 0. Let w = 67 + -32. Let x = 55 - w. What is the greatest common divisor of n and x?
4
Let k(z) = z**3 + 4*z**2 + z - 4. Let a be k(-3). Suppose b - a - 34 = 0. Suppose 0*m = -3*m + b. What is the greatest common divisor of 3 and m?
3
Let l = -4 + 7. Suppose 0*z = -l*z + 3. Calculate the highest common factor of 3 and z.
1
Let x be ((-6)/10)/((-12)/60). What is the highest common factor of x and 24?
3
Let z be 3/2*(-1248)/(-36). Calculate the highest common factor of 13 and z.
13
Let z(j) = -7*j + 14. Let o(y) = -y**3 - 7*y**2 + y - 4. Let x be o(-7). Let b be z(x). Let c = 29 - 16. Calculate the greatest common divisor of b and c.
13
Suppose q = -5*v + 199, q - 2*q - 41 = -v. Suppose -19 - 1 = -n. Calculate the greatest common factor of n and v.
20
Suppose 72 = 2*m + 2*m. Calculate the highest common divisor of m and 27.
9
Suppose 18 = -d + 3. Let u(z) = -z**3 + 7*z**2 + 12*z - 11. Let t be u(8). Let b = t + d. Calculate the greatest common factor of 24 and b.
6
Let a = 11 + 25. What is the highest common factor of 6 and a?
6
Suppose -2*i = v + v + 50, -i + v - 35 = 0. Let x be i/(-2) + (0 - 0). Calculate the highest common factor of x and 105.
15
Suppose 0 = s - 0*s - 54. Calculate the highest common divisor of 6 and s.
6
Let k = -29 + 35. Let t be (-2)/(-5) + 416/10. Calculate the highest common divisor of t and k.
6
Suppose -4*p = 14 + 6. Let n = p + 15. Suppose -a + 3*u + 14 = u, -40 = -5*a - 5*u. Calculate the highest common divisor of a and n.
10
Let c = -126 + 137. What is the highest common divisor of c and 77?
11
Let j(h) = -10*h + 0 - 8*h**2 + 9 + 9*h**2. Let w be j(11). What is the greatest common factor of w and 100?
20
Let d(y) = -y**3 + 5*y**2 + 8*y + 4. Let c be d(5). Calculate the greatest common factor of 132 and c.
44
Suppose -3*p + 615 = 5*x, 25 = 4*p - 4*x - 763. Calculate the greatest common divisor of p and 25